3549.
21
What is the highest common factor of 2525 and 437835?
505
What is the highest common divisor of 1764 and 567?
63
What is the greatest common factor of 23511 and 561?
51
What is the highest common divisor of 1280 and 20680?
40
What is the highest common divisor of 40557 and 363?
33
Calculate the greatest common factor of 2505 and 114729.
501
Calculate the greatest common factor of 6419 and 735434.
917
What is the highest common divisor of 61907 and 93?
31
What is the greatest common divisor of 1980 and 1620?
180
Calculate the highest common factor of 580 and 68150.
290
Calculate the greatest common divisor of 226 and 157974.
226
What is the highest common factor of 16422 and 46?
46
What is the highest common divisor of 237158 and 342?
38
Calculate the greatest common factor of 1566686 and 1207.
1207
Calculate the greatest common factor of 52341 and 5037.
219
Calculate the greatest common divisor of 256610 and 4690.
670
Calculate the greatest common factor of 186635 and 3423.
163
Calculate the greatest common divisor of 12 and 136788.
12
Calculate the highest common divisor of 8 and 2488.
8
What is the greatest common factor of 1325 and 484102?
53
What is the greatest common divisor of 2049 and 411?
3
What is the greatest common divisor of 304 and 70756?
76
Calculate the greatest common factor of 423 and 423.
423
Calculate the greatest common factor of 181 and 9225208.
181
Calculate the highest common factor of 150057 and 9.
9
Calculate the greatest common divisor of 264 and 4701.
3
Calculate the highest common divisor of 46313 and 58.
29
Calculate the highest common divisor of 320 and 415.
5
Calculate the greatest common divisor of 575 and 110.
5
What is the highest common factor of 8 and 13826?
2
What is the greatest common factor of 1421156 and 33?
11
Calculate the greatest common factor of 208 and 256165.
13
Calculate the greatest common factor of 5691 and 63.
21
What is the highest common factor of 190 and 224542?
38
What is the highest common factor of 244 and 841129?
61
What is the greatest common factor of 4966 and 94736?
382
Calculate the highest common factor of 603 and 40803.
201
Calculate the highest common factor of 289545 and 1552.
97
Calculate the greatest common factor of 30 and 439670.
10
What is the highest common factor of 26390 and 1218?
406
Calculate the greatest common factor of 528 and 198840.
24
What is the highest common factor of 5292 and 24500?
196
What is the greatest common factor of 10302 and 765?
51
Calculate the greatest common divisor of 1546 and 4076029.
773
Calculate the greatest common divisor of 16654 and 22.
22
What is the greatest common divisor of 30551 and 1233?
137
What is the highest common divisor of 4080 and 136560?
240
Calculate the highest common divisor of 66935 and 88.
11
Calculate the greatest common divisor of 21 and 289107.
21
Calculate the greatest common factor of 76 and 109934.
38
Calculate the greatest common divisor of 64 and 5836.
4
Calculate the greatest common divisor of 10447 and 279.
31
What is the greatest common factor of 124868 and 636?
212
What is the highest common divisor of 5805686 and 358?
358
What is the greatest common divisor of 346 and 823826?
346
What is the greatest common factor of 7448 and 1444?
76
What is the greatest common divisor of 91 and 14989?
13
What is the greatest common factor of 254591 and 232?
29
What is the highest common divisor of 346030 and 10?
10
What is the greatest common divisor of 1920 and 470280?
120
What is the greatest common divisor of 86140 and 5256?
292
What is the highest common divisor of 1296358 and 754?
58
What is the highest common divisor of 570432 and 24?
24
Calculate the greatest common divisor of 37775 and 30.
5
Calculate the highest common factor of 21372 and 1092.
156
Calculate the highest common divisor of 26 and 3269318.
26
What is the greatest common factor of 432 and 1908684?
108
Calculate the greatest common divisor of 9 and 27792.
9
What is the greatest common factor of 1177959 and 4605?
921
What is the greatest common divisor of 40 and 39020?
20
What is the highest common divisor of 510 and 1384395?
255
What is the highest common divisor of 2970 and 107514?
594
What is the greatest common divisor of 421124 and 10697?
563
Calculate the greatest common divisor of 268 and 32897.
67
What is the greatest common divisor of 70 and 50290?
10
What is the greatest common factor of 83080 and 7705?
335
What is the highest common factor of 107013 and 6?
3
Calculate the greatest common divisor of 46528 and 1216.
64
What is the highest common factor of 33286 and 68?
34
What is the highest common divisor of 35112 and 2552?
88
What is the greatest common factor of 1219 and 13886?
53
What is the greatest common divisor of 848 and 5056?
16
What is the greatest common divisor of 741408 and 576?
96
Calculate the highest common factor of 16 and 64292.
4
Calculate the greatest common divisor of 273 and 103558.
91
What is the highest common divisor of 18695 and 125?
5
Calculate the greatest common factor of 600 and 81400.
200
What is the highest common factor of 504 and 17248?
56
Calculate the greatest common divisor of 822 and 90283.
137
Calculate the greatest common factor of 535457 and 39.
13
What is the greatest common factor of 80 and 40080?
80
Calculate the greatest common factor of 444324 and 122.
122
What is the highest common divisor of 7474 and 11840?
74
Calculate the highest common divisor of 1592064 and 3840.
768
What is the greatest common divisor of 4856 and 160?
8
What is the greatest common divisor of 24 and 190083?
3
Calculate the greatest common divisor of 2261 and 29512.
119
What is the highest common divisor of 2760 and 502665?
345
What is the greatest common divisor of 26162 and 15494?
254
Calculate the highest common divisor of 18 and 435570.
6
Calculate the highest common factor of 1770 and 2655.
885
What is the highest common factor of 6035 and 3995?
85
What is the highest common factor of 11501 and 686?
7
What is the greatest common divisor of 377586 and 198?
198
What is the greatest common divisor of 1534 and 30208?
118
What is the greatest common divisor of 8 and 544952?
8
Calculate the greatest common factor of 128 and 160640.
128
What is the highest common divisor of 35860 and 220?
220
What is the greatest common divisor of 417426 and 406?
58
Calculate the greatest common factor of 70 and 221530.
10
Calculate the highest common divisor of 28 and 159628.
28
Calculate the highest common factor of 19 and 11286.
19
Calculate the highest common factor of 7515 and 273379.
167
What is the highest common divisor of 41336 and 472?
8
Calculate the greatest common factor of 3 and 415815.
3
Calculate the greatest common factor of 364480 and 5120.
320
What is the highest common divisor of 186 and 12586?
62
What is the highest common divisor of 352 and 742456?
88
What is the highest common divisor of 88 and 95678?
22
Calculate the highest common factor of 9080 and 24062.
454
Calculate the greatest common factor of 464 and 979504.
464
Calculate the greatest common divisor of 1073 and 151663.
37
What is the highest common factor of 163 and 301061?
163
What is the highest common factor of 154 and 36883?
77
Calculate the greatest common factor of 80143 and 21.
7
Calculate the highest common divisor of 9156 and 336.
84
Calculate the greatest common factor of 192 and 4544.
64
What is the greatest common factor of 18535 and 165?
55
What is the highest common factor of 590880 and 36?
12
What is the greatest common divisor of 36 and 538332?
12
What is the highest common factor of 113425 and 975?
325
What is the highest common factor of 658 and 4340?
14
Calculate the highest common divisor of 25 and 222325.
25
What is the greatest common factor of 14 and 13630?
2
Calculate the greatest common factor of 2354862 and 6.
6
What is the highest common divisor of 168 and 8211?
21
What is the highest common factor of 8 and 764?
4
What is the greatest common factor of 52 and 42146?
26
What is the greatest common divisor of 305 and 208315?
305
Calculate the highest common divisor of 297 and 124971.
33
Calculate the greatest common divisor of 80 and 3320.
40
Calculate the greatest common divisor of 986741 and 5621.
511
What is the highest 